2 - 5*i - 7. Let l be x(6). Let o be (6 - 12)*(1 - 4/3). List the prime factors of (l/o)/(7/(-1722)).
3, 41
Suppose 0 = -5*r - 7*a + 6*a - 7961, r = 2*a - 1601. Let m = 2358 + r. List the prime factors of m.
3, 5, 17
Suppose 4*d + 3*b - 14544 = 0, -489*d - 18179 = -494*d - 4*b. List the prime factors of d.
3, 1213
Suppose 3*f + 78 = 2*b + 8*f, 0 = -3*b + 2*f + 98. Suppose -b + 70 = 3*d. List the prime factors of (318/(-8))/(d/(-16)).
53
Suppose 2*k = -86 + 98. Suppose -k*j - 263 = -2633. List the prime factors of j.
5, 79
Let b be 1 - 21/12 - (-8760)/32. Suppose -b*r = -269*r - 2340. List the prime factors of r.
3, 5, 13
Suppose 0 = 4*l - 4*y - 40, 5*l + 6*y - 4*y - 15 = 0. Let h = -20 - l. What are the prime factors of (-15)/h + (2 - 652/(-5))?
7, 19
Suppose w = 5*x - 14, w - 4*w - 9 = -4*x. Let u be x/((-3)/191)*-2. Suppose -2*i + u = -5*o - 39, 0 = 5*i + 5*o - 1070. What are the prime factors of i?
3, 71
Let x(t) = 13*t**2 - 53*t - 100. What are the prime factors of x(23)?
2, 7, 397
Let m(t) = t**3 - 31*t**2 + 64*t + 45. Let b be (101 + -110)/((-3)/10). What are the prime factors of m(b)?
3, 5, 71
Let l(q) = -q**3 - 11*q**2 + 145*q + 88. List the prime factors of l(-34).
2, 83, 131
Let f(i) = i**2 + 11*i - 49. Let l be f(-15). Suppose 5*c - 4*q = 1714, 5*c + 13*q = l*q + 1738. List the prime factors of c.
2, 173
Let l = -7440 + 17307. List the prime factors of l.
3, 11, 13, 23
Suppose -9*n + 277263 = 20*n - 335768. What are the prime factors of n?
21139
Let n(a) = -a**3 - 4*a**2 - 4*a + 15. Suppose 5*y - 2*b + 29 = 0, -2*b + 6 = b. Let z be n(y). List the prime factors of -2 + (-3 - -2) + z.
3, 19
Let q(x) = 95*x**2 - 25*x - 184. What are the prime factors of q(-10)?
2, 4783
Let i(m) = -m - 9. Let k be i(-13). Suppose -k*f + f = -4*f. Suppose 9*a - 11*a + 130 = f. List the prime factors of a.
5, 13
Let d(p) = 36*p**2 - 432*p + 25. List the prime factors of d(12).
5
Let x be -4 + 3 - (4 - (-1833)/3). Let v = 927 + x. List the prime factors of v.
311
Suppose -2*b + w + 43199 = 8882, -2*w - 51474 = -3*b. List the prime factors of b.
2, 3, 5, 11, 13
Let z be -3 + (-716280)/(-28) + (-6)/14. List the prime factors of z/56 - 2/(4*-2).
457
Let b = 11852 + -11122. List the prime factors of b.
2, 5, 73
List the prime factors of ((-1606644)/312)/((-1)/2).
3, 3433
Suppose 2*q + 5*t - 52826 = 0, 4*q + 5*t = 9*q - 132065. List the prime factors of q.
61, 433
Let c = -33060 + 87657. List the prime factors of c.
3, 18199
What are the prime factors of 2811196530/52245 - (1 - (-90)/(-86))?
2, 3, 19, 59
Suppose -3*r - 2*k + 8308 = 0, -5*k = -0*r - 4*r + 11016. What are the prime factors of r?
2, 691
Suppose -3*i = -5*k - 26, 4*i + 6 - 10 = -k. Suppose 3*f = f + i*o - 12, 5*f + 6 = -3*o. List the prime factors of (-75 + f)/(12/(-32)).
2, 13
List the prime factors of (217566/(-45))/(206/(-40) + 5).
2, 3, 17, 79
Let d(x) = -5*x + 90. Let b be d(-8). Let n = b - -83. List the prime factors of n.
3, 71
What are the prime factors of ((-10731)/(-12))/(12/20*145/2436)?
7, 73
Let s(c) = -c**3 + 179*c**2 + 214*c - 2690. List the prime factors of s(179).
2, 3, 7, 53
Suppose 0 = m - 3*o + 1347, -4*m = 3*o - o + 5346. Let r = -647 - m. What are the prime factors of r?
691
Suppose 2*b + 0*b - 5*j = 9, -3 = b - 4*j. Suppose -1872 = b*n - 5765. What are the prime factors of n?
229
Let j = 89 - 84. Suppose 113 = 3*o - 172. Suppose -k + 5*q - o = -4*k, -5*q - 105 = -j*k. What are the prime factors of k?
5
Suppose -3*f + 1685 = 5*r, f + r - 558 - 3 = 0. Suppose -36*s + f = -40*s. List the prime factors of (-2)/(-7) - 16200/s.
2, 29
Let b be (2 - (-336)/(-15))/(4/20). Let n = 73 + b. Let v = n - -114. What are the prime factors of v?
5, 17
Let t(b) = -6*b**3 - 24*b**2 + 95*b - 32. What are the prime factors of t(-23)?
3, 17, 67
Let a = 1334 - 1268. Suppose -3*l - t = -95, -3*l - 2*t = 2*t - 110. List the prime factors of a/l - (0 + 1/5).
2
Let k(t) = -10*t**3 + 76*t**2 + 80*t - 134. Let r(n) = -2*n**3 + 15*n**2 + 16*n - 27. Let x(f) = 2*k(f) - 11*r(f). List the prime factors of x(10).
569
Suppose 0 = -14*u - 3695 + 18549. Suppose -5*n + u = 321. What are the prime factors of n?
2, 37
Let m = -10013 + 14488. List the prime factors of m.
5, 179
Let r = -26613 + 43675. What are the prime factors of r?
2, 19, 449
Let g(j) be the first derivative of 2*j**3/3 + 8*j**2 - 103*j + 86. List the prime factors of g(-31).
3, 7
Let s(m) = 386*m**2 - 26*m + 117. List the prime factors of s(4).
3, 2063
Let j(o) = -278*o + 1678. List the prime factors of j(-9).
2, 5, 11, 19
Let a(l) = 353*l - 22. Let s(b) = 714*b - 45. Let i(n) = -9*a(n) + 4*s(n). What are the prime factors of i(-4)?
2, 3, 7, 31
Let s(a) = -24*a**2 - 15*a - 41. Let w(j) = 43*j**2 + 29*j + 83. Let v(o) = -11*s(o) - 6*w(o). What are the prime factors of v(-9)?
2, 5, 13
Let q(g) = 2*g - 35 + 16*g**2 + 0*g**3 - 20 + 0*g - g - g**3. List the prime factors of q(11).
3, 11, 17
What are the prime factors of (-8)/(-48) + (34959753/(-54))/(-19)?
2, 3, 631
Let m = 933 - 901. Suppose 3*k + 2 = 5, s - 17 = -5*k. Suppose 2*g - m = s. What are the prime factors of g?
2, 11
Suppose -2*w - 2*o + 53 = w, 5*o = 2*w - 67. Let q(b) = -1 + 18*b - 2 + w*b. List the prime factors of q(3).
2, 3, 19
Let w(b) = -b**3 - 18*b**2 - 30*b - 18. Let o be w(-16). Let m(t) = -2*t**2 - 1. Let a be m(3). Let p = a - o. What are the prime factors of p?
31
Let g = 210 + -184. Let r(j) = -2*j**3 + 52*j**2 + 6*j + 2. List the prime factors of r(g).
2, 79
Let u(l) = -3*l**2 - 3*l - 3*l**2 + 11*l**2 - 5. Let c(s) = -s**3 + 7*s**2 + 9*s - 3. Let d be c(8). What are the prime factors of u(d)?
3, 5, 7
Let m = 1130 + -810. List the prime factors of m/2*(-2 + 6).
2, 5
Suppose 9*y - 395 = 4*y. Let v be (1 + -19)*(-8)/64*44. Let q = y + v. What are the prime factors of q?
2, 89
Suppose 2*b - 2838 = -114*x + 116*x, 0 = b - 3*x - 1417. List the prime factors of b.
2, 5, 71
Let y be 4 + (17 + -16)/(-1 - -2). Suppose -132 = -c + 5*c + 2*z, -167 = y*c + 2*z. Let a = -4 - c. What are the prime factors of a?
31
What are the prime factors of 4 - 43638/4*(-5 - (-117)/27)?
19, 383
Let n(q) = q**3 + 5*q**2 - 3*q - 11. Let i = -32 - -27. Let b be n(i). Suppose -b*u + 4 = 0, 0*u + 417 = 5*h + 2*u. What are the prime factors of h?
83
Suppose 5*i = 3*t - 9838 + 40166, 4*t - 24224 = -4*i. List the prime factors of i.
2, 7, 433
Let j = 715 + -295. Let k = j + -77. List the prime factors of k.
7
Suppose 56*b = 28990 + 14943 - 15541. What are the prime factors of b?
3, 13
Let r = 147 + -143. Suppose -r*k = 4*f - 376, 3*f - 292 = -25*k + 20*k. What are the prime factors of f?
89
List the prime factors of 199655/(-14 - -19) + -15.
2, 17, 587
Let j(z) = -z**2 - 8*z - 5. Let u be j(11). Let x be -453*(-5)/(15/(-2)). Let c = u - x. What are the prime factors of c?
2, 11
Let x(v) = v**2 + 6*v - 4. Let s be x(-9). Suppose -s*q + 2481 = -1107. List the prime factors of q.
2, 3, 13
Suppose -5*m - 24136 = -9*m. Suppose 9*z - 16*z + m = 0. What are the prime factors of z?
2, 431
Let t(r) = 2*r - 4 + 10*r**2 - 9 - 3 - r**3 + 0*r. Let s be t(11). Let m = 11 - s. List the prime factors of m.
2, 3, 7
Suppose -r = -5*n + 946, 2*n + 0*n = 2*r + 380. Let w be 2 + 2 - (n - 5). Let f = w + 323. What are the prime factors of f?
11, 13
Suppose -65*k = -3*y - 62*k + 101808, 135747 = 4*y - k. What are the prime factors of y?
33937
Let l(z) = -70*z - 25. Let i(b) = 138*b + 51. Let r(x) = -3*i(x) - 5*l(x). What are the prime factors of r(-7)?
2, 3, 5, 7
Suppose 4*v - 127992 = -16*v + 8*v. What are the prime factors of v?
2, 5333
Suppose 1940 + 30027 = j - 3*u, -u + 95961 = 3*j. What are the prime factors of j?
5, 6397
Suppose -36*y + 773433 = -1096623. What are the prime factors of y?
2, 19, 1367
Suppose -364 - 372 = -2*o. Let i = o - 312. List the prime factors of i.
2, 7
Let q(u) = -136*u + 12039. List the prime factors of q(21).
3, 3061
Let f(c) be the third derivative of -c**6/120 + c**5/12 - 5*c**4/12 - 22*c**2. Let m(b) be the second derivative of f(b). List the prime factors of m(-17).
2, 7
Suppose 17*i - 938 = r + 12*i, 0 = -5*r + 5*i - 4610. Let j = r - -2505. What are the prime factors of j?
3, 23
Let s(m) = -2*m**3 + m**2 + 6*m + 12. List the prime factors of s(-5).
257
Let c = 78002 - 50691. What are the 